{"id":4829,"date":"2019-01-08T13:08:54","date_gmt":"2019-01-08T12:08:54","guid":{"rendered":"http:\/\/leblogaroger.eu\/?page_id=4829"},"modified":"2019-02-04T13:12:35","modified_gmt":"2019-02-04T12:12:35","slug":"rums","status":"publish","type":"page","link":"https:\/\/leblogaroger.eu\/index.php\/rums\/","title":{"rendered":"Rums"},"content":{"rendered":"\n<p class=\"wp-block-paragraph\"> <ul class=\"lcp_catlist\" id=\"lcp_instance_0\"><li><a href=\"https:\/\/leblogaroger.eu\/index.php\/2019\/02\/25\/albion-2004-skeldon-2000-2\/\">Albion 2004 &#038; Skeldon 2000<\/a>  25 f\u00e9vrier 2019<\/li><li><a href=\"https:\/\/leblogaroger.eu\/index.php\/2018\/09\/04\/antigua-2012-sc-2\/\">The Antigua Distillery 2012 (SC)<\/a>  4 septembre 2018<\/li><li><a href=\"https:\/\/leblogaroger.eu\/index.php\/2018\/11\/22\/appleton-50-yo\/\">Appleton 50 yo<\/a>  22 novembre 2018<\/li><li><a href=\"https:\/\/leblogaroger.eu\/index.php\/2020\/11\/30\/appleton-estate-hearts-collection-2\/\">Appleton Estate Hearts Collection<\/a>  30 novembre 2020<\/li><li><a href=\"https:\/\/leblogaroger.eu\/index.php\/2019\/12\/07\/bally-18-yo\/\">Bally 18 yo<\/a>  7 d\u00e9cembre 2019<\/li><li><a href=\"https:\/\/leblogaroger.eu\/index.php\/2020\/04\/26\/bally-2000\/\">Bally 2000<\/a>  26 avril 2020<\/li><li><a href=\"https:\/\/leblogaroger.eu\/index.php\/2019\/02\/04\/bielle-2002-2\/\">Bielle 2002<\/a>  4 f\u00e9vrier 2019<\/li><li><a href=\"https:\/\/leblogaroger.eu\/index.php\/2020\/04\/04\/bielle-2006\/\">Bielle 2006<\/a>  4 avril 2020<\/li><li><a href=\"https:\/\/leblogaroger.eu\/index.php\/2019\/11\/20\/bielle-2012-yqm-2\/\">Bielle 2012 YQM<\/a>  20 novembre 2019<\/li><li><a href=\"https:\/\/leblogaroger.eu\/index.php\/2020\/01\/29\/black-tot-2\/\">Black Tot<\/a>  29 janvier 2020<\/li><li><a href=\"https:\/\/leblogaroger.eu\/index.php\/2018\/10\/07\/caroni-1989\/\">Caroni 1989<\/a>  7 octobre 2018<\/li><li><a href=\"https:\/\/leblogaroger.eu\/index.php\/2020\/03\/24\/caroni-1992-3\/\">Caroni 1992<\/a>  24 mars 2020<\/li><li><a href=\"https:\/\/leblogaroger.eu\/index.php\/2018\/11\/11\/caroni-1996-22yo\/\">Caroni 1996 22yo<\/a>  11 novembre 2018<\/li><li><a href=\"https:\/\/leblogaroger.eu\/index.php\/2020\/12\/08\/caroni-1997-2020-2\/\">Caroni 1997-2020<\/a>  8 d\u00e9cembre 2020<\/li><li><a href=\"https:\/\/leblogaroger.eu\/index.php\/2019\/11\/12\/caroni-1999\/\">Caroni 1999<\/a>  12 novembre 2019<\/li><li><a href=\"https:\/\/leblogaroger.eu\/index.php\/2020\/12\/02\/caroni-2000-2020-basdeo-dicky-ramsarran-2\/\">Caroni 2000-2020 Basdeo \u201cDicky\u201d Ramsarran<\/a>  2 d\u00e9cembre 2020<\/li><li><a href=\"https:\/\/leblogaroger.eu\/index.php\/2019\/05\/20\/caroni-21-yo-the-duchess-2\/\">Caroni 21 yo (The Duchess)<\/a>  20 mai 2019<\/li><li><a href=\"https:\/\/leblogaroger.eu\/index.php\/2019\/10\/03\/caroni-bristol-2\/\">Caroni Bristol<\/a>  3 octobre 2019<\/li><li><a href=\"https:\/\/leblogaroger.eu\/index.php\/2019\/09\/18\/caroni-employees-2019-2\/\">Caroni Employees 2019<\/a>  18 septembre 2019<\/li><li><a href=\"https:\/\/leblogaroger.eu\/index.php\/2018\/08\/29\/caroni-replica-2\/\">Caroni Replica<\/a>  29 ao\u00fbt 2018<\/li><li><a href=\"https:\/\/leblogaroger.eu\/index.php\/2020\/01\/16\/compagnie-des-indes-kaiman-2\/\">Compagnie des Indes Kaiman<\/a>  16 janvier 2020<\/li><li><a href=\"https:\/\/leblogaroger.eu\/index.php\/2019\/08\/13\/demerara-the-duchess-2\/\">Demerara The Duchess<\/a>  13 ao\u00fbt 2019<\/li><li><a href=\"https:\/\/leblogaroger.eu\/index.php\/2018\/12\/24\/depaz-2003-2018-2\/\">Depaz 2003\/2018<\/a>  24 d\u00e9cembre 2018<\/li><li><a href=\"https:\/\/leblogaroger.eu\/index.php\/2019\/01\/06\/diamond-2003\/\">Diamond 2003<\/a>  6 janvier 2019<\/li><li><a href=\"https:\/\/leblogaroger.eu\/index.php\/2020\/04\/19\/dillon-12-yo\/\">Dillon 12 yo<\/a>  19 avril 2020<\/li><li><a href=\"https:\/\/leblogaroger.eu\/index.php\/2020\/02\/02\/dillon-2003-2\/\">Dillon 2003<\/a>  2 f\u00e9vrier 2020<\/li><li><a href=\"https:\/\/leblogaroger.eu\/index.php\/2020\/04\/16\/el-dorado-blended-in-the-barrel-2\/\">El Dorado Blended in the barrel<\/a>  16 avril 2020<\/li><li><a href=\"https:\/\/leblogaroger.eu\/index.php\/2020\/04\/30\/enmore-vsg-1994-2\/\">Enmore \u00ab\u00a0VSG\u00a0\u00bb 1994<\/a>  30 avril 2020<\/li><li><a href=\"https:\/\/leblogaroger.eu\/index.php\/2019\/06\/21\/foursquare-hereditas-2\/\">Foursquare hereditas<\/a>  21 juin 2019<\/li><li><a href=\"https:\/\/leblogaroger.eu\/index.php\/2020\/08\/16\/foursquare-plenipotenziario\/\">Foursquare Plenipotenziario<\/a>  16 ao\u00fbt 2020<\/li><li><a href=\"https:\/\/leblogaroger.eu\/index.php\/2019\/05\/27\/habitation-velier-2019-2\/\">Habitation Velier 2019<\/a>  27 mai 2019<\/li><li><a href=\"https:\/\/leblogaroger.eu\/index.php\/2019\/07\/25\/hampden-1982-1983-2\/\">Hampden 1982\/1983<\/a>  25 juillet 2019<\/li><li><a href=\"https:\/\/leblogaroger.eu\/index.php\/2019\/09\/16\/hampden-1983-1989-2\/\">Hampden 1983-1989<\/a>  16 septembre 2019<\/li><li><a href=\"https:\/\/leblogaroger.eu\/index.php\/2018\/09\/03\/hampden-2009-dok-2\/\">Hampden 2009 DOK<\/a>  3 septembre 2018<\/li><li><a href=\"https:\/\/leblogaroger.eu\/index.php\/2020\/07\/09\/hampden-2010-ch\/\">Hampden 2010 CH<\/a>  9 juillet 2020<\/li><li><a href=\"https:\/\/leblogaroger.eu\/index.php\/2019\/11\/28\/hampden-great-house-2\/\">Hampden Great House<\/a>  28 novembre 2019<\/li><li><a href=\"https:\/\/leblogaroger.eu\/index.php\/2020\/02\/16\/hampden-lrok-2010-2\/\">Hampden LROK 2010<\/a>  16 f\u00e9vrier 2020<\/li><li><a href=\"https:\/\/leblogaroger.eu\/index.php\/2019\/06\/15\/hse-2003-2\/\">HSE 2003<\/a>  15 juin 2019<\/li><li><a href=\"https:\/\/leblogaroger.eu\/index.php\/2018\/10\/16\/hse-parcellaire-canne-dor-2\/\">HSE Parcellaire \u201cCanne d\u2019or\u201d<\/a>  16 octobre 2018<\/li><li><a href=\"https:\/\/leblogaroger.eu\/index.php\/2019\/03\/14\/hse-xo-triple-millesime\/\">HSE XO triple mill\u00e9sime<\/a>  14 mars 2019<\/li><li><a href=\"https:\/\/leblogaroger.eu\/index.php\/2019\/05\/12\/indian-ocean-stills-2\/\">Indian Ocean Stills<\/a>  12 mai 2019<\/li><li><a href=\"https:\/\/leblogaroger.eu\/index.php\/2020\/07\/13\/jamaica-2009-addict\/\">Jamaica 2009 \u00ab\u00a0Addict\u00a0\u00bb<\/a>  13 juillet 2020<\/li><li><a href=\"https:\/\/leblogaroger.eu\/index.php\/2020\/01\/04\/jamaica-2012-wsthf-2\/\">Jamaica 2012 wst&#038;hf<\/a>  4 janvier 2020<\/li><li><a href=\"https:\/\/leblogaroger.eu\/index.php\/2019\/01\/31\/la-favorite-2\/\">La Favorite<\/a>  31 janvier 2019<\/li><li><a href=\"https:\/\/leblogaroger.eu\/index.php\/2019\/05\/06\/la-favorite-2010-2\/\">La Favorite 2010<\/a>  6 mai 2019<\/li><li><a href=\"https:\/\/leblogaroger.eu\/index.php\/2019\/10\/20\/la-favorite-2019-les-freres-de-la-cote-2\/\">La Favorite 2019 \u00ab\u00a0Les Fr\u00e8res de la C\u00f4te\u00a0\u00bb<\/a>  20 octobre 2019<\/li><li><a href=\"https:\/\/leblogaroger.eu\/index.php\/2020\/06\/07\/la-favorite-brut-2-colonnes-2\/\">La Favorite Brut 2 Colonnes<\/a>  7 juin 2020<\/li><li><a href=\"https:\/\/leblogaroger.eu\/index.php\/2020\/01\/10\/la-favorite-cuvee-privilege-pour-lulu-2\/\">La Favorite Cuv\u00e9e Privil\u00e8ge pour Lulu<\/a>  10 janvier 2020<\/li><li><a href=\"https:\/\/leblogaroger.eu\/index.php\/2020\/04\/10\/la-mauny-3-yo\/\">La Mauny 3 YO<\/a>  10 avril 2020<\/li><li><a href=\"https:\/\/leblogaroger.eu\/index.php\/2018\/09\/12\/la-perle-brute\/\">La Perle Brute<\/a>  12 septembre 2018<\/li><li><a href=\"https:\/\/leblogaroger.eu\/index.php\/2019\/04\/02\/larbre-du-voyageur-3-yo\/\">L&rsquo;arbre du voyageur (3 yo)<\/a>  2 avril 2019<\/li><li><a href=\"https:\/\/leblogaroger.eu\/index.php\/2018\/12\/20\/le-gust-demerara-2002-2\/\">Le Gus&rsquo;t Demerara 2002<\/a>  20 d\u00e9cembre 2018<\/li><li><a href=\"https:\/\/leblogaroger.eu\/index.php\/2019\/05\/01\/le-gust-demerara-2002-2019-2\/\">Le Gus\u2019t Demerara 2002\/2019<\/a>  1 mai 2019<\/li><li><a href=\"https:\/\/leblogaroger.eu\/index.php\/2019\/01\/03\/long-pond-1941-2\/\">Long Pond 1941<\/a>  3 janvier 2019<\/li><li><a href=\"https:\/\/leblogaroger.eu\/index.php\/2019\/12\/27\/long-pond-1996-hjc\/\">Long Pond 1996 HJC<\/a>  27 d\u00e9cembre 2019<\/li><li><a href=\"https:\/\/leblogaroger.eu\/index.php\/2019\/02\/03\/o-reizinho-2\/\">O Reizinho<\/a>  3 f\u00e9vrier 2019<\/li><li><a href=\"https:\/\/leblogaroger.eu\/index.php\/2020\/06\/17\/plantation-clarendon-2003-2\/\">Plantation Clarendon 2003<\/a>  17 juin 2020<\/li><li><a href=\"https:\/\/leblogaroger.eu\/index.php\/2020\/06\/25\/plantation-fiji-2005-2\/\">Plantation Fiji 2005<\/a>  25 juin 2020<\/li><li><a href=\"https:\/\/leblogaroger.eu\/index.php\/2019\/10\/16\/port-mourant-1993-2019-2\/\">Port Mourant 1993-2019<\/a>  16 octobre 2019<\/li><li><a href=\"https:\/\/leblogaroger.eu\/index.php\/2019\/06\/05\/port-mourant-2003-2019-2\/\">Port Mourant 2003\/2019<\/a>  5 juin 2019<\/li><li><a href=\"https:\/\/leblogaroger.eu\/index.php\/2020\/03\/01\/port-mourant-2005-2\/\">Port Mourant 2005<\/a>  1 mars 2020<\/li><li><a href=\"https:\/\/leblogaroger.eu\/index.php\/2018\/11\/26\/rasta-morris-2\/\">Rasta Morris<\/a>  26 novembre 2018<\/li><li><a href=\"https:\/\/leblogaroger.eu\/index.php\/2020\/03\/25\/rhum-barikenn-2\/\">Rhum Barikenn<\/a>  25 mars 2020<\/li><li><a href=\"https:\/\/leblogaroger.eu\/index.php\/2018\/10\/27\/riviere-de-mat-2006-2\/\">Rivi\u00e8re de M\u00e2t 2006<\/a>  27 octobre 2018<\/li><li><a href=\"https:\/\/leblogaroger.eu\/index.php\/2019\/08\/04\/rum-exchange-2019-2\/\">Rum Exchange 2019<\/a>  4 ao\u00fbt 2019<\/li><li><a href=\"https:\/\/leblogaroger.eu\/index.php\/2020\/01\/23\/saint-james-2003-2\/\">Saint James 2003<\/a>  23 janvier 2020<\/li><li><a href=\"https:\/\/leblogaroger.eu\/index.php\/2019\/10\/10\/savanna-herr-japan-tribute-2\/\">Savanna HERR Japan Tribute<\/a>  10 octobre 2019<\/li><li><a href=\"https:\/\/leblogaroger.eu\/index.php\/2019\/09\/05\/savanna-unshared-cask-2\/\">Savanna Unshared Cask<\/a>  5 septembre 2019<\/li><li><a href=\"https:\/\/leblogaroger.eu\/index.php\/2020\/10\/10\/savanna-wild-island-collection-2\/\">Savanna Wild Island Collection<\/a>  10 octobre 2020<\/li><li><a href=\"https:\/\/leblogaroger.eu\/index.php\/2020\/03\/19\/silent-ambassador-2\/\">Silent Ambassador<\/a>  19 mars 2020<\/li><li><a href=\"https:\/\/leblogaroger.eu\/index.php\/2019\/01\/14\/some-kind-of-foursquare-2\/\">Some kind of Foursquare<\/a>  14 janvier 2019<\/li><li><a href=\"https:\/\/leblogaroger.eu\/index.php\/2019\/08\/22\/some-kind-of-foursquare-part-ii-2\/\">Some kind of Foursquare (Part II)<\/a>  22 ao\u00fbt 2019<\/li><li><a href=\"https:\/\/leblogaroger.eu\/index.php\/2020\/05\/05\/some-kind-of-longueteau-2\/\">Some kind of Longueteau<\/a>  5 mai 2020<\/li><li><a href=\"https:\/\/leblogaroger.eu\/index.php\/2020\/07\/03\/some-kind-of-mount-gay\/\">Some Kind Of Mount Gay<\/a>  3 juillet 2020<\/li><li><a href=\"https:\/\/leblogaroger.eu\/index.php\/2020\/09\/06\/some-kind-of-rasta-morris-2\/\">Some Kind Of Rasta Morris<\/a>  6 septembre 2020<\/li><li><a href=\"https:\/\/leblogaroger.eu\/index.php\/2020\/05\/17\/some-kind-of-rum-artesanal_jamaica\/\">Some Kind of Rum Artesanal_Jamaica<\/a>  17 mai 2020<\/li><li><a href=\"https:\/\/leblogaroger.eu\/index.php\/2020\/09\/17\/some-kind-of-rum-artesanal-part-ii\/\">Some Kind Of Rum Artesanal part II<\/a>  17 septembre 2020<\/li><li><a href=\"https:\/\/leblogaroger.eu\/index.php\/2019\/09\/22\/some-kind-of-secrets-distilleries-2\/\">Some Kind Of Secrets Distilleries<\/a>  22 septembre 2019<\/li><li><a href=\"https:\/\/leblogaroger.eu\/index.php\/2019\/03\/11\/that-boutique-2\/\">That Boutique<\/a>  11 mars 2019<\/li><li><a href=\"https:\/\/leblogaroger.eu\/index.php\/2018\/12\/18\/the-duchess\/\">The Duchess<\/a>  18 d\u00e9cembre 2018<\/li><li><a href=\"https:\/\/leblogaroger.eu\/index.php\/2020\/04\/23\/the-duchess-2020-2\/\">The Duchess 2020<\/a>  23 avril 2020<\/li><li><a href=\"https:\/\/leblogaroger.eu\/index.php\/2020\/02\/20\/the-ultimate-fucking-blend-2\/\">The Ultimate Fucking Blend<\/a>  20 f\u00e9vrier 2020<\/li><li><a href=\"https:\/\/leblogaroger.eu\/index.php\/2018\/09\/09\/trois-rivieres-2005-cuvee-bele-2\/\">Trois Rivi\u00e8res 2005 Cuv\u00e9e B\u00e8l\u00e8<\/a>  9 septembre 2018<\/li><li><a href=\"https:\/\/leblogaroger.eu\/index.php\/2018\/11\/08\/uitvlugt-1991-2\/\">Uitvlugt 1991<\/a>  8 novembre 2018<\/li><li><a href=\"https:\/\/leblogaroger.eu\/index.php\/2020\/02\/09\/uitvlugt-1997-2012\/\">Uitvlugt 1997\/2012<\/a>  9 f\u00e9vrier 2020<\/li><li><a href=\"https:\/\/leblogaroger.eu\/index.php\/2019\/02\/26\/uitvlugt-1997-2018-2\/\">Uitvlugt 1997\/2018<\/a>  26 f\u00e9vrier 2019<\/li><li><a href=\"https:\/\/leblogaroger.eu\/index.php\/2020\/09\/27\/versailles-2012-2\/\">Versailles 2012<\/a>  27 septembre 2020<\/li><li><a href=\"https:\/\/leblogaroger.eu\/index.php\/2019\/08\/18\/white-high-esters-rums\/\">White high esters rums<\/a>  18 ao\u00fbt 2019<\/li><li><a href=\"https:\/\/leblogaroger.eu\/index.php\/2020\/07\/28\/worthy-park-12-yo-2\/\">Worthy Park 12 yo<\/a>  28 juillet 2020<\/li><li><a href=\"https:\/\/leblogaroger.eu\/index.php\/2020\/05\/12\/worthy-park-wpe-lmdw-2\/\">Worthy Park WPE LMDW<\/a>  12 mai 2020<\/li><\/ul> <\/p>\n","protected":false},"excerpt":{"rendered":"","protected":false},"author":1,"featured_media":5291,"parent":0,"menu_order":0,"comment_status":"closed","ping_status":"closed","template":"","meta":{"_crdt_document":"","footnotes":""},"class_list":["post-4829","page","type-page","status-publish","has-post-thumbnail","hentry"],"yoast_head":"<!-- This site is optimized with the Yoast SEO plugin v27.3 - https:\/\/yoast.com\/product\/yoast-seo-wordpress\/ -->\n<title>Rums -<\/title>\n<meta name=\"robots\" content=\"index, follow, max-snippet:-1, max-image-preview:large, max-video-preview:-1\" \/>\n<link rel=\"canonical\" href=\"https:\/\/leblogaroger.eu\/index.php\/rums\/\" \/>\n<meta property=\"og:locale\" content=\"fr_FR\" \/>\n<meta property=\"og:type\" content=\"article\" \/>\n<meta property=\"og:title\" content=\"Rums -\" \/>\n<meta property=\"og:url\" content=\"https:\/\/leblogaroger.eu\/index.php\/rums\/\" \/>\n<meta property=\"article:publisher\" content=\"https:\/\/www.facebook.com\/leblogaroger\/\" \/>\n<meta property=\"article:modified_time\" content=\"2019-02-04T12:12:35+00:00\" \/>\n<meta property=\"og:image\" content=\"https:\/\/leblogaroger.eu\/wp-content\/uploads\/2019\/02\/rhums.png\" \/>\n\t<meta property=\"og:image:width\" content=\"1140\" \/>\n\t<meta property=\"og:image:height\" content=\"641\" \/>\n\t<meta property=\"og:image:type\" content=\"image\/png\" \/>\n<meta name=\"twitter:card\" content=\"summary_large_image\" \/>\n<script type=\"application\/ld+json\" class=\"yoast-schema-graph\">{\"@context\":\"https:\\\/\\\/schema.org\",\"@graph\":[{\"@type\":\"WebPage\",\"@id\":\"https:\\\/\\\/leblogaroger.eu\\\/index.php\\\/rums\\\/\",\"url\":\"https:\\\/\\\/leblogaroger.eu\\\/index.php\\\/rums\\\/\",\"name\":\"Rums -\",\"isPartOf\":{\"@id\":\"https:\\\/\\\/leblogaroger.eu\\\/#website\"},\"primaryImageOfPage\":{\"@id\":\"https:\\\/\\\/leblogaroger.eu\\\/index.php\\\/rums\\\/#primaryimage\"},\"image\":{\"@id\":\"https:\\\/\\\/leblogaroger.eu\\\/index.php\\\/rums\\\/#primaryimage\"},\"thumbnailUrl\":\"https:\\\/\\\/leblogaroger.eu\\\/wp-content\\\/uploads\\\/2019\\\/02\\\/rhums.png\",\"datePublished\":\"2019-01-08T12:08:54+00:00\",\"dateModified\":\"2019-02-04T12:12:35+00:00\",\"breadcrumb\":{\"@id\":\"https:\\\/\\\/leblogaroger.eu\\\/index.php\\\/rums\\\/#breadcrumb\"},\"inLanguage\":\"fr-FR\",\"potentialAction\":[{\"@type\":\"ReadAction\",\"target\":[\"https:\\\/\\\/leblogaroger.eu\\\/index.php\\\/rums\\\/\"]}]},{\"@type\":\"ImageObject\",\"inLanguage\":\"fr-FR\",\"@id\":\"https:\\\/\\\/leblogaroger.eu\\\/index.php\\\/rums\\\/#primaryimage\",\"url\":\"https:\\\/\\\/leblogaroger.eu\\\/wp-content\\\/uploads\\\/2019\\\/02\\\/rhums.png\",\"contentUrl\":\"https:\\\/\\\/leblogaroger.eu\\\/wp-content\\\/uploads\\\/2019\\\/02\\\/rhums.png\",\"width\":1140,\"height\":641},{\"@type\":\"BreadcrumbList\",\"@id\":\"https:\\\/\\\/leblogaroger.eu\\\/index.php\\\/rums\\\/#breadcrumb\",\"itemListElement\":[{\"@type\":\"ListItem\",\"position\":1,\"name\":\"Home\",\"item\":\"https:\\\/\\\/leblogaroger.eu\\\/\"},{\"@type\":\"ListItem\",\"position\":2,\"name\":\"Rums\"}]},{\"@type\":\"WebSite\",\"@id\":\"https:\\\/\\\/leblogaroger.eu\\\/#website\",\"url\":\"https:\\\/\\\/leblogaroger.eu\\\/\",\"name\":\"\",\"description\":\"Mundi placet et spiritus minima...\",\"potentialAction\":[{\"@type\":\"SearchAction\",\"target\":{\"@type\":\"EntryPoint\",\"urlTemplate\":\"https:\\\/\\\/leblogaroger.eu\\\/?s={search_term_string}\"},\"query-input\":{\"@type\":\"PropertyValueSpecification\",\"valueRequired\":true,\"valueName\":\"search_term_string\"}}],\"inLanguage\":\"fr-FR\"}]}<\/script>\n<!-- \/ Yoast SEO plugin. -->","yoast_head_json":{"title":"Rums -","robots":{"index":"index","follow":"follow","max-snippet":"max-snippet:-1","max-image-preview":"max-image-preview:large","max-video-preview":"max-video-preview:-1"},"canonical":"https:\/\/leblogaroger.eu\/index.php\/rums\/","og_locale":"fr_FR","og_type":"article","og_title":"Rums -","og_url":"https:\/\/leblogaroger.eu\/index.php\/rums\/","article_publisher":"https:\/\/www.facebook.com\/leblogaroger\/","article_modified_time":"2019-02-04T12:12:35+00:00","og_image":[{"width":1140,"height":641,"url":"https:\/\/leblogaroger.eu\/wp-content\/uploads\/2019\/02\/rhums.png","type":"image\/png"}],"twitter_card":"summary_large_image","schema":{"@context":"https:\/\/schema.org","@graph":[{"@type":"WebPage","@id":"https:\/\/leblogaroger.eu\/index.php\/rums\/","url":"https:\/\/leblogaroger.eu\/index.php\/rums\/","name":"Rums -","isPartOf":{"@id":"https:\/\/leblogaroger.eu\/#website"},"primaryImageOfPage":{"@id":"https:\/\/leblogaroger.eu\/index.php\/rums\/#primaryimage"},"image":{"@id":"https:\/\/leblogaroger.eu\/index.php\/rums\/#primaryimage"},"thumbnailUrl":"https:\/\/leblogaroger.eu\/wp-content\/uploads\/2019\/02\/rhums.png","datePublished":"2019-01-08T12:08:54+00:00","dateModified":"2019-02-04T12:12:35+00:00","breadcrumb":{"@id":"https:\/\/leblogaroger.eu\/index.php\/rums\/#breadcrumb"},"inLanguage":"fr-FR","potentialAction":[{"@type":"ReadAction","target":["https:\/\/leblogaroger.eu\/index.php\/rums\/"]}]},{"@type":"ImageObject","inLanguage":"fr-FR","@id":"https:\/\/leblogaroger.eu\/index.php\/rums\/#primaryimage","url":"https:\/\/leblogaroger.eu\/wp-content\/uploads\/2019\/02\/rhums.png","contentUrl":"https:\/\/leblogaroger.eu\/wp-content\/uploads\/2019\/02\/rhums.png","width":1140,"height":641},{"@type":"BreadcrumbList","@id":"https:\/\/leblogaroger.eu\/index.php\/rums\/#breadcrumb","itemListElement":[{"@type":"ListItem","position":1,"name":"Home","item":"https:\/\/leblogaroger.eu\/"},{"@type":"ListItem","position":2,"name":"Rums"}]},{"@type":"WebSite","@id":"https:\/\/leblogaroger.eu\/#website","url":"https:\/\/leblogaroger.eu\/","name":"","description":"Mundi placet et spiritus minima...","potentialAction":[{"@type":"SearchAction","target":{"@type":"EntryPoint","urlTemplate":"https:\/\/leblogaroger.eu\/?s={search_term_string}"},"query-input":{"@type":"PropertyValueSpecification","valueRequired":true,"valueName":"search_term_string"}}],"inLanguage":"fr-FR"}]}},"_links":{"self":[{"href":"https:\/\/leblogaroger.eu\/index.php\/wp-json\/wp\/v2\/pages\/4829","targetHints":{"allow":["GET"]}}],"collection":[{"href":"https:\/\/leblogaroger.eu\/index.php\/wp-json\/wp\/v2\/pages"}],"about":[{"href":"https:\/\/leblogaroger.eu\/index.php\/wp-json\/wp\/v2\/types\/page"}],"author":[{"embeddable":true,"href":"https:\/\/leblogaroger.eu\/index.php\/wp-json\/wp\/v2\/users\/1"}],"replies":[{"embeddable":true,"href":"https:\/\/leblogaroger.eu\/index.php\/wp-json\/wp\/v2\/comments?post=4829"}],"version-history":[{"count":1,"href":"https:\/\/leblogaroger.eu\/index.php\/wp-json\/wp\/v2\/pages\/4829\/revisions"}],"predecessor-version":[{"id":4830,"href":"https:\/\/leblogaroger.eu\/index.php\/wp-json\/wp\/v2\/pages\/4829\/revisions\/4830"}],"wp:featuredmedia":[{"embeddable":true,"href":"https:\/\/leblogaroger.eu\/index.php\/wp-json\/wp\/v2\/media\/5291"}],"wp:attachment":[{"href":"https:\/\/leblogaroger.eu\/index.php\/wp-json\/wp\/v2\/media?parent=4829"}],"curies":[{"name":"wp","href":"https:\/\/api.w.org\/{rel}","templated":true}]}}