{"id":3723,"date":"2018-10-31T07:50:11","date_gmt":"2018-10-31T06:50:11","guid":{"rendered":"http:\/\/leblogaroger.eu\/?page_id=3723"},"modified":"2023-10-05T06:30:34","modified_gmt":"2023-10-05T04:30:34","slug":"ooops","status":"publish","type":"page","link":"https:\/\/leblogaroger.eu\/index.php\/ooops\/","title":{"rendered":"Ooops"},"content":{"rendered":"\n<p class=\"wp-block-paragraph\">Bordel, mais que fou ce putain de webmaster !?!?!? D\u00e9sol\u00e9, apparemment ce que vous cherchez semble \u00eatre aussi rare qu&rsquo;un Caroni 2006.<\/p>\n\n\n\n<p class=\"wp-block-paragraph\">N\u00e9anmoins, je vous invite \u00e0 utiliser la barre de recherche ou le menu afin de v\u00e9rifier si ce qui vous int\u00e9resserait ne serait pas tout de m\u00eame disponible sur ce modeste site \ud83d\ude42<\/p>\n\n\n\n<p class=\"wp-block-paragraph\">En attendant, voila les derni\u00e8res choses racont\u00e9es ici.<\/p>\n\n\n<ul class=\"wp-block-latest-posts__list wp-block-latest-posts\"><li><a class=\"wp-block-latest-posts__post-title\" href=\"https:\/\/leblogaroger.eu\/index.php\/2026\/04\/11\/chairmans-reserve-selection-for-wu-dram-clan-2009\/\">Chairman\u2018s Reserve Selection for Wu Dram Clan 2009<\/a><\/li>\n<li><a class=\"wp-block-latest-posts__post-title\" href=\"https:\/\/leblogaroger.eu\/index.php\/2026\/04\/10\/christian-drouin-1988-2025-the-alabasta-tales\/\">Christian Drouin 1988\/2025 &#8211; The Alabasta Tales<\/a><\/li>\n<li><a class=\"wp-block-latest-posts__post-title\" href=\"https:\/\/leblogaroger.eu\/index.php\/2026\/04\/05\/guyana-2004-small-batch-velier\/\">GUYANA 2004 Small Batch Velier<\/a><\/li>\n<li><a class=\"wp-block-latest-posts__post-title\" href=\"https:\/\/leblogaroger.eu\/index.php\/2026\/04\/03\/vagabond-spirits-part-vi\/\">Vagabond Spirits Part VI<\/a><\/li>\n<li><a class=\"wp-block-latest-posts__post-title\" href=\"https:\/\/leblogaroger.eu\/index.php\/2026\/04\/01\/hontambere-1998-2025\/\">Hontamb\u00e8re 1998\/2026<\/a><\/li>\n<\/ul>\n\n\n<p class=\"wp-block-paragraph\">Mais comme je suis un mec sympa, vous n&rsquo;aurez pas atteri ici pour rien, voici une chouette vid\u00e9o d&rsquo;un morceau g\u00e9nial de Black Sabbath avec Ian Gillan qui se demande ce qu&rsquo;il fou dans cette aventure&#8230;.<\/p>\n\n\n\n<figure class=\"wp-block-embed is-type-video is-provider-youtube wp-block-embed-youtube wp-embed-aspect-4-3 wp-has-aspect-ratio\"><div class=\"wp-block-embed__wrapper\">\n<iframe loading=\"lazy\" title=\"Black Sabbath - Trashed - original Video\" width=\"640\" height=\"480\" src=\"https:\/\/www.youtube.com\/embed\/xFJkNk6z3OE?feature=oembed\" frameborder=\"0\" allow=\"accelerometer; autoplay; clipboard-write; encrypted-media; gyroscope; picture-in-picture; web-share\" referrerpolicy=\"strict-origin-when-cross-origin\" allowfullscreen><\/iframe>\n<\/div><\/figure>\n","protected":false},"excerpt":{"rendered":"<p>Bordel, mais que fou ce putain de webmaster !?!?!? D\u00e9sol\u00e9, apparemment ce que vous cherchez semble \u00eatre aussi rare qu&rsquo;un Caroni 2006. N\u00e9anmoins, je vous invite \u00e0 utiliser la barre de recherche ou le menu afin de v\u00e9rifier si ce qui vous int\u00e9resserait ne serait pas tout de m\u00eame disponible <a href=\"https:\/\/leblogaroger.eu\/index.php\/ooops\/\" class=\"btn btn-link continue-link\">Voir plus&#8230;<\/a><\/p>\n","protected":false},"author":1,"featured_media":19059,"parent":0,"menu_order":0,"comment_status":"closed","ping_status":"closed","template":"","meta":{"_crdt_document":"","footnotes":""},"class_list":["post-3723","page","type-page","status-publish","has-post-thumbnail","hentry"],"yoast_head":"<!-- This site is optimized with the Yoast SEO plugin v27.3 - https:\/\/yoast.com\/product\/yoast-seo-wordpress\/ -->\n<title>Ooops -<\/title>\n<meta name=\"robots\" content=\"index, follow, max-snippet:-1, max-image-preview:large, max-video-preview:-1\" \/>\n<link rel=\"canonical\" href=\"https:\/\/leblogaroger.eu\/index.php\/ooops\/\" \/>\n<meta property=\"og:locale\" content=\"fr_FR\" \/>\n<meta property=\"og:type\" content=\"article\" \/>\n<meta property=\"og:title\" content=\"Ooops -\" \/>\n<meta property=\"og:description\" content=\"Bordel, mais que fou ce putain de webmaster !?!?!? D\u00e9sol\u00e9, apparemment ce que vous cherchez semble \u00eatre aussi rare qu&rsquo;un Caroni 2006. N\u00e9anmoins, je vous invite \u00e0 utiliser la barre de recherche ou le menu afin de v\u00e9rifier si ce qui vous int\u00e9resserait ne serait pas tout de m\u00eame disponible Voir plus...\" \/>\n<meta property=\"og:url\" content=\"https:\/\/leblogaroger.eu\/index.php\/ooops\/\" \/>\n<meta property=\"article:publisher\" content=\"https:\/\/www.facebook.com\/leblogaroger\/\" \/>\n<meta property=\"article:modified_time\" content=\"2023-10-05T04:30:34+00:00\" \/>\n<meta property=\"og:image\" content=\"https:\/\/leblogaroger.eu\/wp-content\/uploads\/2023\/10\/oops-960x541.png\" \/>\n\t<meta property=\"og:image:width\" content=\"960\" \/>\n\t<meta property=\"og:image:height\" content=\"541\" \/>\n\t<meta property=\"og:image:type\" content=\"image\/png\" \/>\n<meta name=\"twitter:card\" content=\"summary_large_image\" \/>\n<meta name=\"twitter:label1\" content=\"Dur\u00e9e de lecture estim\u00e9e\" \/>\n\t<meta name=\"twitter:data1\" content=\"1 minute\" \/>\n<script type=\"application\/ld+json\" class=\"yoast-schema-graph\">{\"@context\":\"https:\\\/\\\/schema.org\",\"@graph\":[{\"@type\":\"WebPage\",\"@id\":\"https:\\\/\\\/leblogaroger.eu\\\/index.php\\\/ooops\\\/\",\"url\":\"https:\\\/\\\/leblogaroger.eu\\\/index.php\\\/ooops\\\/\",\"name\":\"Ooops -\",\"isPartOf\":{\"@id\":\"https:\\\/\\\/leblogaroger.eu\\\/#website\"},\"primaryImageOfPage\":{\"@id\":\"https:\\\/\\\/leblogaroger.eu\\\/index.php\\\/ooops\\\/#primaryimage\"},\"image\":{\"@id\":\"https:\\\/\\\/leblogaroger.eu\\\/index.php\\\/ooops\\\/#primaryimage\"},\"thumbnailUrl\":\"https:\\\/\\\/leblogaroger.eu\\\/wp-content\\\/uploads\\\/2023\\\/10\\\/oops.png\",\"datePublished\":\"2018-10-31T06:50:11+00:00\",\"dateModified\":\"2023-10-05T04:30:34+00:00\",\"breadcrumb\":{\"@id\":\"https:\\\/\\\/leblogaroger.eu\\\/index.php\\\/ooops\\\/#breadcrumb\"},\"inLanguage\":\"fr-FR\",\"potentialAction\":[{\"@type\":\"ReadAction\",\"target\":[\"https:\\\/\\\/leblogaroger.eu\\\/index.php\\\/ooops\\\/\"]}]},{\"@type\":\"ImageObject\",\"inLanguage\":\"fr-FR\",\"@id\":\"https:\\\/\\\/leblogaroger.eu\\\/index.php\\\/ooops\\\/#primaryimage\",\"url\":\"https:\\\/\\\/leblogaroger.eu\\\/wp-content\\\/uploads\\\/2023\\\/10\\\/oops.png\",\"contentUrl\":\"https:\\\/\\\/leblogaroger.eu\\\/wp-content\\\/uploads\\\/2023\\\/10\\\/oops.png\",\"width\":3625,\"height\":2042},{\"@type\":\"BreadcrumbList\",\"@id\":\"https:\\\/\\\/leblogaroger.eu\\\/index.php\\\/ooops\\\/#breadcrumb\",\"itemListElement\":[{\"@type\":\"ListItem\",\"position\":1,\"name\":\"Home\",\"item\":\"https:\\\/\\\/leblogaroger.eu\\\/\"},{\"@type\":\"ListItem\",\"position\":2,\"name\":\"Ooops\"}]},{\"@type\":\"WebSite\",\"@id\":\"https:\\\/\\\/leblogaroger.eu\\\/#website\",\"url\":\"https:\\\/\\\/leblogaroger.eu\\\/\",\"name\":\"\",\"description\":\"Mundi placet et spiritus minima...\",\"potentialAction\":[{\"@type\":\"SearchAction\",\"target\":{\"@type\":\"EntryPoint\",\"urlTemplate\":\"https:\\\/\\\/leblogaroger.eu\\\/?s={search_term_string}\"},\"query-input\":{\"@type\":\"PropertyValueSpecification\",\"valueRequired\":true,\"valueName\":\"search_term_string\"}}],\"inLanguage\":\"fr-FR\"}]}<\/script>\n<!-- \/ Yoast SEO plugin. -->","yoast_head_json":{"title":"Ooops -","robots":{"index":"index","follow":"follow","max-snippet":"max-snippet:-1","max-image-preview":"max-image-preview:large","max-video-preview":"max-video-preview:-1"},"canonical":"https:\/\/leblogaroger.eu\/index.php\/ooops\/","og_locale":"fr_FR","og_type":"article","og_title":"Ooops -","og_description":"Bordel, mais que fou ce putain de webmaster !?!?!? D\u00e9sol\u00e9, apparemment ce que vous cherchez semble \u00eatre aussi rare qu&rsquo;un Caroni 2006. N\u00e9anmoins, je vous invite \u00e0 utiliser la barre de recherche ou le menu afin de v\u00e9rifier si ce qui vous int\u00e9resserait ne serait pas tout de m\u00eame disponible Voir plus...","og_url":"https:\/\/leblogaroger.eu\/index.php\/ooops\/","article_publisher":"https:\/\/www.facebook.com\/leblogaroger\/","article_modified_time":"2023-10-05T04:30:34+00:00","og_image":[{"width":960,"height":541,"url":"https:\/\/leblogaroger.eu\/wp-content\/uploads\/2023\/10\/oops-960x541.png","type":"image\/png"}],"twitter_card":"summary_large_image","twitter_misc":{"Dur\u00e9e de lecture estim\u00e9e":"1 minute"},"schema":{"@context":"https:\/\/schema.org","@graph":[{"@type":"WebPage","@id":"https:\/\/leblogaroger.eu\/index.php\/ooops\/","url":"https:\/\/leblogaroger.eu\/index.php\/ooops\/","name":"Ooops -","isPartOf":{"@id":"https:\/\/leblogaroger.eu\/#website"},"primaryImageOfPage":{"@id":"https:\/\/leblogaroger.eu\/index.php\/ooops\/#primaryimage"},"image":{"@id":"https:\/\/leblogaroger.eu\/index.php\/ooops\/#primaryimage"},"thumbnailUrl":"https:\/\/leblogaroger.eu\/wp-content\/uploads\/2023\/10\/oops.png","datePublished":"2018-10-31T06:50:11+00:00","dateModified":"2023-10-05T04:30:34+00:00","breadcrumb":{"@id":"https:\/\/leblogaroger.eu\/index.php\/ooops\/#breadcrumb"},"inLanguage":"fr-FR","potentialAction":[{"@type":"ReadAction","target":["https:\/\/leblogaroger.eu\/index.php\/ooops\/"]}]},{"@type":"ImageObject","inLanguage":"fr-FR","@id":"https:\/\/leblogaroger.eu\/index.php\/ooops\/#primaryimage","url":"https:\/\/leblogaroger.eu\/wp-content\/uploads\/2023\/10\/oops.png","contentUrl":"https:\/\/leblogaroger.eu\/wp-content\/uploads\/2023\/10\/oops.png","width":3625,"height":2042},{"@type":"BreadcrumbList","@id":"https:\/\/leblogaroger.eu\/index.php\/ooops\/#breadcrumb","itemListElement":[{"@type":"ListItem","position":1,"name":"Home","item":"https:\/\/leblogaroger.eu\/"},{"@type":"ListItem","position":2,"name":"Ooops"}]},{"@type":"WebSite","@id":"https:\/\/leblogaroger.eu\/#website","url":"https:\/\/leblogaroger.eu\/","name":"","description":"Mundi placet et spiritus minima...","potentialAction":[{"@type":"SearchAction","target":{"@type":"EntryPoint","urlTemplate":"https:\/\/leblogaroger.eu\/?s={search_term_string}"},"query-input":{"@type":"PropertyValueSpecification","valueRequired":true,"valueName":"search_term_string"}}],"inLanguage":"fr-FR"}]}},"_links":{"self":[{"href":"https:\/\/leblogaroger.eu\/index.php\/wp-json\/wp\/v2\/pages\/3723","targetHints":{"allow":["GET"]}}],"collection":[{"href":"https:\/\/leblogaroger.eu\/index.php\/wp-json\/wp\/v2\/pages"}],"about":[{"href":"https:\/\/leblogaroger.eu\/index.php\/wp-json\/wp\/v2\/types\/page"}],"author":[{"embeddable":true,"href":"https:\/\/leblogaroger.eu\/index.php\/wp-json\/wp\/v2\/users\/1"}],"replies":[{"embeddable":true,"href":"https:\/\/leblogaroger.eu\/index.php\/wp-json\/wp\/v2\/comments?post=3723"}],"version-history":[{"count":9,"href":"https:\/\/leblogaroger.eu\/index.php\/wp-json\/wp\/v2\/pages\/3723\/revisions"}],"predecessor-version":[{"id":19061,"href":"https:\/\/leblogaroger.eu\/index.php\/wp-json\/wp\/v2\/pages\/3723\/revisions\/19061"}],"wp:featuredmedia":[{"embeddable":true,"href":"https:\/\/leblogaroger.eu\/index.php\/wp-json\/wp\/v2\/media\/19059"}],"wp:attachment":[{"href":"https:\/\/leblogaroger.eu\/index.php\/wp-json\/wp\/v2\/media?parent=3723"}],"curies":[{"name":"wp","href":"https:\/\/api.w.org\/{rel}","templated":true}]}}